91355?
1
What is the hundred millions digit of 145157074?
1
What is the billions digit of 1481646271?
1
What is the hundred thousands digit of 244969030?
9
What is the thousands digit of 40950501?
0
What is the hundred thousands digit of 841204510?
2
What is the thousands digit of 19592663?
2
What is the ten thousands digit of 6630840751?
4
What is the hundred thousands digit of 4647304177?
3
What is the hundred millions digit of 161742214?
1
What is the millions digit of 337428347?
7
What is the units digit of 247506903?
3
What is the ten millions digit of 91210703?
9
What is the ten thousands digit of 354314648?
1
What is the units digit of 269732365?
5
What is the thousands digit of 65383994?
3
What is the tens digit of 3708646606?
0
What is the tens digit of 2769723837?
3
What is the hundred thousands digit of 49659382?
6
What is the millions digit of 15436449?
5
What is the tens digit of 168709413?
1
What is the hundreds digit of 877870003?
0
What is the thousands digit of 18514341?
4
What is the thousands digit of 762165682?
5
What is the hundreds digit of 473136391?
3
What is the units digit of 492008301?
1
What is the ten thousands digit of 24340842?
4
What is the hundreds digit of 26085697?
6
What is the hundred thousands digit of 74015686?
0
What is the tens digit of 96987271?
7
What is the ten thousands digit of 257832022?
3
What is the hundreds digit of 130465969?
9
What is the ten thousands digit of 285867923?
6
What is the ten thousands digit of 2418489664?
8
What is the ten millions digit of 1098366179?
9
What is the tens digit of 190005434?
3
What is the hundred thousands digit of 3612737130?
7
What is the millions digit of 24669015?
4
What is the millions digit of 266802686?
6
What is the ten thousands digit of 4086238?
8
What is the hundred millions digit of 2252127041?
2
What is the hundreds digit of 111228081?
0
What is the ten thousands digit of 13690889?
9
What is the units digit of 93145100?
0
What is the ten millions digit of 1766782677?
6
What is the units digit of 136398539?
9
What is the units digit of 42166257?
7
What is the units digit of 72464656?
6
What is the hundreds digit of 3773602593?
5
What is the units digit of 2020717219?
9
What is the thousands digit of 2046672432?
2
What is the units digit of 2551347898?
8
What is the tens digit of 78292138?
3
What is the ten millions digit of 666740900?
6
What is the billions digit of 1307850443?
1
What is the millions digit of 258725187?
8
What is the hundred thousands digit of 83006853?
0
What is the units digit of 2486071?
1
What is the hundred millions digit of 1968328877?
9
What is the hundreds digit of 11039733?
7
What is the tens digit of 3990116622?
2
What is the hundred millions digit of 264541365?
2
What is the hundred thousands digit of 69215324?
2
What is the units digit of 16018123?
3
What is the hundred thousands digit of 3348585844?
5
What is the millions digit of 1806713061?
6
What is the hundred thousands digit of 2415020379?
0
What is the ten millions digit of 91336314?
9
What is the millions digit of 1391986320?
1
What is the millions digit of 75300658?
5
What is the hundreds digit of 670659344?
3
What is the tens digit of 596220770?
7
What is the hundred millions digit of 481445785?
4
What is the hundred millions digit of 334820032?
3
What is the ten millions digit of 196467267?
9
What is the millions digit of 11527076?
1
What is the hundred millions digit of 493875543?
4
What is the hundreds digit of 37955361?
3
What is the ten millions digit of 83922599?
8
What is the millions digit of 342374665?
2
What is the hundred millions digit of 2439827246?
4
What is the hundreds digit of 85099732?
7
What is the hundred thousands digit of 65493482?
4
What is the thousands digit of 70292516?
2
What is the units digit of 260428480?
0
What is the millions digit of 359558506?
9
What is the ten thousands digit of 55288827?
8
What is the hundred thousands digit of 782405116?
4
What is the hundreds digit of 12576972?
9
What is the hundreds digit of 1435826090?
0
What is the tens digit of 69790405?
0
What is the millions digit of 430619701?
0
What is the hundred millions digit of 135500856?
1
What is the hundred millions digit of 1173291565?
1
What is the hundreds digit of 58855493?
4
What is the hundred thousands digit of 110083256?
0
What is the ten thousands digit of 143009516?
0
What is the thousands digit of 22199067?
9
What is the ten thousands digit of 1097128?
9
What is the millions digit of 4602562723?
2
What is the hundred thousands digit of 1731304675?
3
What is the millions digit of 60841365?
0
What is the millions digit of 1426020538?
6
What is the millions digit of 685024988?
5
What is the tens digit of 54612653?
5
What is the ten millions digit of 2274258100?
7
What is the ten thousands digit of 3184698061?
9
What is the ten thousands digit of 948010365?
1
What is the millions digit of 945965456?
5
What is the millions digit of 15942839?
5
What is the ten millions digit of 10639138?
1
What is the units digit of 6200131?
1
What is the hundreds digit of 792831476?
4
What is the hundred millions digit of 154396655?
1
What is the millions digit of 2009328764?
9
What is the hundred millions digit of 244270820?
2
What is the hundreds digit of 169138893?
8
What is the units digit of 3526533768?
8
What is the billions digit of 4158518878?
4
What is the hundred millions digit of 5535393447?
5
What is the ten thousands digit of 16448464?
4
What is the tens digit of 67760872?
7
What is the tens digit of 936386?
8
What is the hundred thousands digit of 51813532?
8
What is the units digit of 178671510?
0
What is the thousands digit of 763288977?
8
What is the ten thousands digit of 80841596?
4
What is the tens digit of 570842033?
3
What is the thousands digit of 1697324635?
4
What is the hundred thousands digit of 16767139?
7
What is the units digit of 38275649?
9
What is the millions digit of 44854652?
4
What is the thousands digit of 70084525?
4
What is the ten thousands digit of 67941401?
4
What is the hundreds digit of 24567696?
6
What is the tens digit of 53922562?
6
What is the tens digit of 60554539?
3
What is the units digit of 341323488?
8
What is the tens digit of 33350207?
0
What is the ten thousands digit of 76561544?
6
What is the ten millions digit of 98665269?
9
What is the hundred millions digit of 364960178?
3
What is the units digit of 148912230?
0
What is the tens digit of 122698816?
1
What is the tens digit of 4405012644?
4
What is the hundred millions digit of 368707347?
3
What is the millions digit of 5097313?
5
What is the ten thousands digit of 1233576530?
7
What is the hundreds digit of 28281851?
8
What is the ten millions digit of 2141076044?
4
What is the tens digit of 2804764830?
3
What is the hundred thousands digit of 491881978?
8
What is the hundreds digit of 3426762780?
7
What is the hundred thousands digit of 101656452?
6
What is the hundreds digit of 5908204585?
5
What is the hundreds digit of 218048565?
5
What is the ten millions digit of 2136129628?
3
What is the ten thousands digit of 37496393?
9
What is the thousands digit of 76821081?
1
What is the thousands digit of 638189312?
9
What is the ten millions digit of 101898317?
0
What is the tens digit of 2102768233?
3
What is the hundred thousands digit of 89333146?
3
What is the tens digit of 34555867?
6
What is the hundred thousands digit of 160013177?
0
What is the hundreds digit of 37665521?
5
What is the billions digit of 1643636945?
1
What is the ten thousands digit of 34298939?
9
What is the tens digit of 101933923?
2
What is the ten millions digit of 146778814?
4
What is the millions digit of 83911159?
3
What is the ten thousands digit of 1678461411?
6
What is the hundred thousands digit of 2076044357?
0
What is the millions digit of 160706170?
0
What is the ten thousands digit of 813057290?
5
What is the ten millions digit of 41934450?
4
What is the ten millions digit of 615612504?
1
What is the hundred thousands digit of 35612963?
6
What is the units digit of 1924087061?
1
What is the ten thousands digit of 192330775?
3
What is the units digit of 1059549599?
9
What is the hundred millions digit of 2477489301?
4
What is the hundreds digit of 215382496?
4
What is t